{"id":92,"date":"2019-06-16T12:23:11","date_gmt":"2019-06-16T05:23:11","guid":{"rendered":"https:\/\/phongthuy.mauwebwp.com\/phongthuy005\/?page_id=92"},"modified":"2019-06-17T00:35:08","modified_gmt":"2019-06-16T17:35:08","slug":"gioi-thieu","status":"publish","type":"page","link":"https:\/\/phongthuy.mauwebwp.com\/phongthuy005\/gioi-thieu\/","title":{"rendered":"Gi\u1edbi thi\u1ec7u"},"content":{"rendered":"<p>Nghi\u00ean c\u1ee9u v\u0103n h\u00f3a v\u00e0 \u1ee9ng d\u1ee5ng l\u00e0 m\u1ed9t ph\u1ea7n kh\u00f4ng th\u1ec3 thi\u1ebfu trong qu\u00e1 tr\u00ecnh ph\u00e1t tri\u1ec3n c\u1ee7a x\u00e3 h\u1ed9i. Ch\u1ee7 doanh nghi\u1ec7p c\u1ea7n c\u00f3 nh\u1eefng ki\u1ebfn th\u1ee9c t\u1eeb c\u01a1 b\u1ea3n \u0111\u1ebfn chuy\u00ean s\u00e2u v\u1ec1 C\u1ed5 h\u1ecdc \u0111\u1ec3 \u1ee9ng d\u1ee5ng trong cu\u1ed9c s\u1ed1ng h\u1eb1ng ng\u00e0y, \u1ee9ng d\u1ee5ng trong c\u00f4ng vi\u1ec7c, c\u00e1c ho\u1ea1t \u0111\u1ed9ng kinh doanh, c\u00e1c ki\u1ebfn th\u1ee9c chuy\u00ean s\u00e2u \u0111\u1ec3 hi\u1ec3u v\u00e0 d\u1ef1 ph\u00f2ng khi c\u1ea7n \u0111\u1ebfn.<\/p>\n<p>\u0110\u1ebfn v\u1edbi Trung t\u00e2m Tri\u1ec7u Th\u1ebf Vi\u1ec7t, ch\u00fang t\u00f4i mong mu\u1ed1n mang l\u1ea1i nh\u1eefng l\u1ee3i \u00edch thi\u1ebft th\u1ef1c nh\u1ea5t \u0111\u1ec3 gi\u00fap \u0111\u1ee1 cho c\u00e1c ch\u1ee7 doanh nghi\u1ec7p m\u1ed9t c\u00e1ch hi\u1ec7u qu\u1ea3, c\u1ea3 v\u1ec1 ki\u1ebfn th\u1ee9c v\u00e0 s\u00e2n ch\u01a1i sau n\u00e0y.<\/p>\n<p>V\u1edbi s\u1ef1 \u0111\u1ea7u t\u01b0 nghi\u00eam t\u00fac v\u1ec1 CH\u1ea4T L\u01af\u1ee2NG CHUY\u00caN M\u00d4N v\u00e0 QUY TR\u00ccNH H\u1eccC T\u1eacP gi\u00fap t\u1eadn d\u1ee5ng kh\u1ea3 n\u0103ng h\u1ecdc vi\u00ean t\u1ed1t nh\u1ea5t, ch\u00fang t\u00f4i s\u1ebd gi\u00fap h\u1ecdc vi\u00ean \u0111\u1ea1t \u0111\u01b0\u1ee3c k\u1ebft qu\u1ea3 nh\u01b0 mong \u0111\u1ee3i !<\/p>\n<p>L\u1eddi \u0111\u1ea7u ti\u00ean, cho ph\u00e9p ch\u00fang t\u00f4i g\u1eedi l\u1eddi c\u1ea3m \u01a1n \u0111\u1ebfn s\u1ef1 quan t\u00e2m c\u1ee7a Qu\u00fd h\u1ecdc vi\u00ean v\u00e0 \u0111\u1ed9c gi\u1ea3, nh\u1eefng l\u0129nh v\u1ef1c nghi\u00ean c\u1ee9u n\u00e0y c\u00f3 m\u1ee9c \u0111\u1ed9 quan tr\u1ecdng trong vi\u1ec7c oh\u00e1t tri\u1ec3n ki\u1ebfn th\u1ee9c sau n\u00e0y c\u1ee7a nhi\u1ec1u th\u1ebf h\u1ec7, v\u00ec th\u1ebf mong mu\u1ed1n c\u1ee7a Trung t\u00e2m s\u1ebd gi\u00fap \u0111\u1ee1 \u0111\u01b0\u1ee3c nhi\u1ec1u h\u1ecdc vi\u00ean, c\u1ed1ng hi\u1ebfn nhi\u1ec1u h\u01a1n cho vi\u1ec7c cung c\u1ea5p ki\u1ebfn th\u1ee9c chuy\u00ean s\u00e2u trong l\u0129nh v\u1ef1c C\u1ed5 h\u1ecdc.<\/p>\n<p>Tr\u00e2n tr\u1ecdng.\/.<\/p>\n<p>Trung t\u00e2m Tri\u1ec7u Th\u1ebf Vi\u1ec7t<\/p>\n","protected":false},"excerpt":{"rendered":"<p>Nghi\u00ean c\u1ee9u v\u0103n h\u00f3a v\u00e0 \u1ee9ng d\u1ee5ng l\u00e0 m\u1ed9t ph\u1ea7n kh\u00f4ng th\u1ec3 thi\u1ebfu trong qu\u00e1 tr\u00ecnh ph\u00e1t tri\u1ec3n c\u1ee7a x\u00e3 h\u1ed9i. Ch\u1ee7 doanh nghi\u1ec7p c\u1ea7n c\u00f3 nh\u1eefng ki\u1ebfn th\u1ee9c t\u1eeb c\u01a1 b\u1ea3n \u0111\u1ebfn chuy\u00ean s\u00e2u v\u1ec1 C\u1ed5 h\u1ecdc \u0111\u1ec3 \u1ee9ng d\u1ee5ng trong cu\u1ed9c s\u1ed1ng h\u1eb1ng ng\u00e0y, \u1ee9ng d\u1ee5ng trong c\u00f4ng vi\u1ec7c, c\u00e1c ho\u1ea1t \u0111\u1ed9ng kinh &#8230;<\/p>\n","protected":false},"author":2,"featured_media":0,"parent":0,"menu_order":0,"comment_status":"closed","ping_status":"closed","template":"page-right-sidebar.php","meta":[],"_links":{"self":[{"href":"https:\/\/phongthuy.mauwebwp.com\/phongthuy005\/wp-json\/wp\/v2\/pages\/92"}],"collection":[{"href":"https:\/\/phongthuy.mauwebwp.com\/phongthuy005\/wp-json\/wp\/v2\/pages"}],"about":[{"href":"https:\/\/phongthuy.mauwebwp.com\/phongthuy005\/wp-json\/wp\/v2\/types\/page"}],"author":[{"embeddable":true,"href":"https:\/\/phongthuy.mauwebwp.com\/phongthuy005\/wp-json\/wp\/v2\/users\/2"}],"replies":[{"embeddable":true,"href":"https:\/\/phongthuy.mauwebwp.com\/phongthuy005\/wp-json\/wp\/v2\/comments?post=92"}],"version-history":[{"count":0,"href":"https:\/\/phongthuy.mauwebwp.com\/phongthuy005\/wp-json\/wp\/v2\/pages\/92\/revisions"}],"wp:attachment":[{"href":"https:\/\/phongthuy.mauwebwp.com\/phongthuy005\/wp-json\/wp\/v2\/media?parent=92"}],"curies":[{"name":"wp","href":"https:\/\/api.w.org\/{rel}","templated":true}]}}